ctors of (1/(-3))/(1/(-21))?
7
Suppose 5*z + 5*n - 20 = 0, 3*n + 11 = 3*z - 1. Suppose 5 = 3*p - z. List the prime factors of p.
3
List the prime factors of 363/18 - (-2)/(-12).
2, 5
Let f(w) = -w - 51. Let r(g) = g + 50. Let v(b) = 5*f(b) + 6*r(b). Let j be v(0). Suppose 32 = 3*z - 2*a, -2*a + j = 5*z + 13. List the prime factors of z.
2
What are the prime factors of (484/6)/(48/72)?
11
Let q(h) = 6 - 4*h + 2*h - 11*h. Let i be q(-5). Let r = i - 49. What are the prime factors of r?
2, 11
Let r(v) = -v - 3 - 2 + 8 + 4. List the prime factors of r(-5).
2, 3
List the prime factors of (-60)/(-8)*10/3.
5
Let n be 22 - ((-4)/(-4))/1. What are the prime factors of 14/n - 97/(-3)?
3, 11
What are the prime factors of 2 + (-2 - -14) + 1?
3, 5
Let t = 25 - 11. List the prime factors of t.
2, 7
Let b = 397 + -190. What are the prime factors of b?
3, 23
Let g be (2/3)/((-1)/(-3)). Suppose -g*x = -0 - 28. List the prime factors of x.
2, 7
Let l(d) = -40*d + 17. What are the prime factors of l(-6)?
257
Let u = 20 + -42. Let h = -11 - u. List the prime factors of h.
11
Suppose 2*z - r = 79, -5*r - 143 = -7*z + 3*z. List the prime factors of z.
2, 3, 7
Suppose 4*p - 3*h - 236 = 0, -4*h = -5*p - 0*p + 296. List the prime factors of p/(-21)*3/(-2).
2
Suppose 0 = -3*b + 4*w + 144, 98 = 3*b + 2*w - 28. What are the prime factors of b?
2, 11
Suppose 0*p - 8 = -4*p. Suppose -q - 45 = -p*k + 2*q, -3*q = 5*k - 165. What are the prime factors of k?
2, 3, 5
Let y be (-23)/(-4) + 13/52. Let f(n) = 2*n**2 - 7*n + 6. List the prime factors of f(y).
2, 3
Let b(n) = -n**3 - 6*n**2 - n + 1. Let o be b(-6). Suppose -2*i + o*i = 0. Suppose i*m + 50 = 5*m. List the prime factors of m.
2, 5
Let a(q) = -q**3 + 8*q**2 + 2*q - 1. List the prime factors of a(8).
3, 5
Let w(y) = y - 4. Let t(f) = f**3 - 3*f**2 + f + 4. Let h be t(3). What are the prime factors of w(h)?
3
Let k(x) = -31*x + 43. What are the prime factors of k(-6)?
229
Let f be (-8)/(-12) + 8/6. Suppose -3*y - f*y - 7 = -3*g, 3*y - 23 = -5*g. List the prime factors of g.
2
Let y be (-92)/(-9) + 2/(-9). Let u = 15 + 14. Suppose -k + 17 = 5*h, -y = -5*k - 2*h + u. List the prime factors of k.
7
Let i = -27 + 4. Suppose -2*q - 101 = -3*m, q = m + m - 68. Let g = m + i. List the prime factors of g.
2, 3
Let u(n) = n**2 + 3*n - 7. Let z be u(-5). Let m(w) = w + 2. List the prime factors of m(z).
5
Let q = 8 + -10. Let f(r) = -25*r - 1. Let m be f(q). Suppose 4*k + 5*v - 3 = 5*k, 2*k + v = m. List the prime factors of k.
2, 11
Let d(w) = 2*w**2 + 9 + 4*w**2 - 8*w - 4*w**2. Let y be d(6). Let j = -22 + y. What are the prime factors of j?
11
Let z(d) = d**3 + 3*d**2 - 6*d - 3. Let u be z(-4). Suppose -q - 4*i = -12, 0*i + 90 = u*q + 5*i. What are the prime factors of q?
2, 5
Let g = 86 + 129. List the prime factors of g.
5, 43
Let p(u) = 21*u**2 - 3*u - 2. List the prime factors of p(-2).
2, 11
Let p(b) = -2*b - 1. Let i be p(-3). Suppose i*y = 75 - 15. What are the prime factors of y?
2, 3
Let m(j) = -j**2 + 0*j**2 - 2*j + 4*j**2 - j**2. Let v be m(2). Suppose 2*z + v*x - 4 = 0, 0 = z - x - 2 - 0. What are the prime factors of z?
2
Suppose -i - 6 = 2*i. Let g be i*(0 + -2 + 1). Suppose g*t + 18 = d, -2*t = -4*d - 5 + 47. List the prime factors of d.
2
Suppose -3*y - 2*y = 0. Suppose y*l + 3*l - 30 = 0. List the prime factors of l.
2, 5
Let a = 10 - 10. List the prime factors of 3 - a/(-2 - 1).
3
Let w = 10 - 5. Suppose -6*y + 6 = -w*y. Suppose y*p - p = 55. What are the prime factors of p?
11
Let v(x) be the first derivative of x**4/4 + 2*x**3 - x**2 - 4*x + 1. Let c be v(-6). Let p = c + -4. List the prime factors of p.
2
Let k(s) = -s**2 + 28*s - 18. What are the prime factors of k(10)?
2, 3
Suppose -q + 15 = 4*q. List the prime factors of q.
3
Let g = 24 - 19. Suppose -b = 4*j - 83, b - 47 = -2*j - 4. Suppose -g*p - j + 135 = 0. List the prime factors of p.
23
Suppose 0 = -3*d + 7*d - 132. What are the prime factors of d?
3, 11
Suppose 0 = -10*h + 5*h + 150. What are the prime factors of h?
2, 3, 5
Let l(w) = 14*w**2 + 3*w + 1. Let p(n) = -28*n**2 - 5*n - 2. Let o(c) = -5*l(c) - 3*p(c). What are the prime factors of o(-1)?
3, 5
Suppose -4*q + 80 = q. Suppose -2*v = v + 30. Let g = q + v. What are the prime factors of g?
2, 3
Let q(h) = -8*h - 7. Let d = -11 + 6. Let x be q(d). Suppose -2*r = t - x, 2*r + 28 - 107 = -3*t. What are the prime factors of t?
23
What are the prime factors of -2 + 5 + 0 + 98?
101
Let r(p) = -p**2 - 7*p - 4. Let l be -1*(-2)/(1*-2). Let u be l/(-1) - 28/4. List the prime factors of r(u).
2
Let o be 8/(-10)*25/(-10). List the prime factors of o/(-3)*87/(-2).
29
Let l be (0 + -1)/(3/(-39)). Suppose -l = 4*s - 69. List the prime factors of (-66)/(-14) + 4/s.
5
Let g(q) = 13*q**2 - 19*q - 8. List the prime factors of g(6).
2, 173
List the prime factors of (-1272)/(-18) - (-4)/(-6).
2, 5, 7
Let v(t) = t**3 + 14*t**2 + 8*t - 17. List the prime factors of v(-12).
5, 7
Let u = 32 + -59. Let b be (-186)/10 - 8/20. Let p = b - u. What are the prime factors of p?
2
Let t = -5 + 4. Let k be 1/((t/2)/(-1)). List the prime factors of -1 + 2*k/1.
3
Let q(o) = -o**3 - 3*o**2 + 4*o - 8. Let i be q(-6). List the prime factors of (-1)/((-12)/i)*3.
19
Suppose -3*a - 12 = 0, -7 - 51 = -2*s + 5*a. What are the prime factors of s?
19
Suppose -m - q - 2 = -0, 2*q = -3*m - 4. Suppose 4*v = -m*v. Suppose 4*i - 7 - 9 = v. What are the prime factors of i?
2
Suppose -4*h = 2*f - 820, -h + 2*f = h - 416. List the prime factors of h.
2, 103
Let w be 307/(-5) - (-2)/5. Let q = -15 - w. List the prime factors of q.
2, 23
Let p be 23*5 + 3 + -2. What are the prime factors of (-1 - -4)*p/12?
29
Suppose -j = 4*c - 14, -4*j + 56 = -4*c + c. What are the prime factors of j?
2, 7
Let s(w) = w**2 - 7*w + 3. Let i be s(6). Let q be 112 - -3*(-2)/i. What are the prime factors of q/9 - 2/3?
2, 3
Let x = -36 + 101. List the prime factors of x.
5, 13
Let n be 0 - (-10)/(1 + 1). Let a = -1 + n. Let z = a - -4. List the prime factors of z.
2
Suppose 16 = 5*f - f. What are the prime factors of f?
2
Suppose 0 = -o + 2*z - 10, 2*z - 15 = 4*o - z. Suppose -12 = -2*k + q, -k + 6*q - 2*q + 6 = o. List the prime factors of k.
2, 3
Let k(p) = -p**2 - 4*p - 2. Let s be k(5). Let l = 97 + s. Suppose -3*c - 2*c + l = 0. What are the prime factors of c?
2, 5
What are the prime factors of (-4 + -2)/(6/(-39))?
3, 13
Let j be (-6)/9*(-258)/4. Let k = j - 27. List the prime factors of k.
2
Let x(o) = 4*o**2 + 2*o + 2. Let u be x(4). What are the prime factors of 4/(-12) + u/6?
2, 3
Suppose t - 2*x - 33 = -3*x, -5*t = -x - 183. List the prime factors of t.
2, 3
Let r(p) = -2*p - 3. Let c be r(-6). Suppose s - q = 3, -c = -s - 5*q + 12. Suppose -24 - s = -3*d. What are the prime factors of d?
2, 5
Let u(j) = j**2 + 8*j - 10. Let c be u(-12). Let s = c - 24. List the prime factors of s.
2, 7
Let s be -2*26/12*3. Let f = s - -21. Suppose 0 = -4*k + f + 36. What are the prime factors of k?
11
Let g(l) = -16*l**3 + l**2 + l + 1. Let j be 3/(-9)*1*3. List the prime factors of g(j).
17
Let g be ((-67)/1 + 2)*-1. Suppose -5*w + 255 - g = 0. What are the prime factors of w?
2, 19
Let h be (-2)/(-3) + (-604)/(-12). Suppose 0 = -3*k + 2*b + h, k + 3*k - 75 = 5*b. What are the prime factors of (6/(-9) - -1)*k?
5
Suppose -7*i + 222 = -4*i. What are the prime factors of i?
2, 37
Let l = 99 + -34. What are the prime factors of l?
5, 13
Let m = -25 - -13. Let q = m + 28. What are the prime factors of q?
2
Let k = 197 + -19. List the prime factors of k.
2, 89
Suppose -3*l = j - 27, -l - 19 = -3*j + 12. Suppose 8 + j = 5*a. Suppose w = a*u - 5, 2*w + 5*u - 6 = 10. List the prime factors of w.
3
Suppose 26 = -5*v + 6. Let p(l) = -l**2 + 4*l + 1. Let w be p(v). What are the prime factors of (-6)/(-9) + w/(-3)?
11
Suppose 0 = -5*j + 49 + 6. Let d(o) = o**2 + o. Let i be d(-1). Let q = j - i. List the prime factors of q.
11
Suppose -3*s - 124 = -n, 0 = 3*n + 2*s - 436 + 53. What are the prime factors of n?
127
Let l(b) = 130*b**2 - 6*b - 4. Let a be l(-5). Let q = 2280 - a. List the prime factors of 6/(-39) - q/52.
19
Suppose 0 = -3*m + 22 + 23. List the prime factors of m.
3, 5
Let d(q) = -8*q - 3*q - 3*q**2 - q**3 - 6 + 2*q**2 - 7*q**2. List the prime factors of d(-7).
2, 1